{"id":3828,"date":"2026-04-23T07:49:47","date_gmt":"2025-10-05T12:14:34","guid":{"rendered":"https:\/\/pancopetpansiyon.algibilisim.com\/?page_id=3828"},"modified":"2026-04-23T08:04:17","modified_gmt":"2026-04-23T08:04:17","slug":"antalya-kepez-pet-otel-vip-transfer","status":"publish","type":"page","link":"https:\/\/pancopetpansiyon.com.tr\/?page_id=3828","title":{"rendered":"VIP Transfer"},"content":{"rendered":"\t\t<div data-elementor-type=\"wp-page\" data-elementor-id=\"3828\" class=\"elementor elementor-3828\">\n\t\t\t\t<div class=\"elementor-element elementor-element-ddf7402 bg-smoke2 e-flex e-con-boxed e-con e-parent\" data-id=\"ddf7402\" data-element_type=\"container\" data-e-type=\"container\" data-settings=\"{&quot;background_background&quot;:&quot;classic&quot;}\">\n\t\t\t\t\t<div class=\"e-con-inner\">\n\t\t<div class=\"elementor-element elementor-element-476422c e-con-full e-flex e-con e-child\" data-id=\"476422c\" data-element_type=\"container\" data-e-type=\"container\">\n\t\t<div class=\"elementor-element elementor-element-9185b6d e-con-full page-single e-flex e-con e-child\" data-id=\"9185b6d\" data-element_type=\"container\" data-e-type=\"container\">\n\t\t\t\t<div class=\"elementor-element elementor-element-89a0ea8 elementor-widget elementor-widget-babetimage\" data-id=\"89a0ea8\" data-element_type=\"widget\" data-e-type=\"widget\" data-widget_type=\"babetimage.default\">\n\t\t\t\t<div class=\"elementor-widget-container\">\n\t\t\t\t\t<!-- Image --><div class=\"custom_css_handelar page-img gsap-parallax mb-25\" data-cue=\"slideInUp\"><img decoding=\"async\" class=\"\" src=\"https:\/\/pancopetpansiyon.com.tr\/wp-content\/uploads\/2026\/04\/viptransfer.jpg\" alt=\"viptransfer\" ><\/div><!-- End Image -->\t\t\t\t<\/div>\n\t\t\t\t<\/div>\n\t\t\t\t<div class=\"elementor-element elementor-element-a355bf5 elementor-widget elementor-widget-text-editor\" data-id=\"a355bf5\" data-element_type=\"widget\" data-e-type=\"widget\" data-widget_type=\"text-editor.default\">\n\t\t\t\t\t\t\t\t\t<h3 class=\"mb-3\">VIP Transfer Hizmeti<\/h3><p>Antalya\u2019n\u0131n yo\u011fun temposunda dostunuzun konforlu ve g\u00fcvenli bir \u015fekilde pansiyonumuza ula\u015fmas\u0131 i\u00e7in sundu\u011fumuz VIP \u015fehir i\u00e7i transfer hizmetiyle yan\u0131n\u0131zday\u0131z. Kepez b\u00f6lgesindeki adresinizden \u00f6zel donan\u0131ml\u0131, hijyenik ve iklimlendirme sistemli ara\u00e7lar\u0131m\u0131zla al\u0131nan minik dostunuz, trafik stresine maruz kalmadan, profesyonel ekibimiz e\u015fli\u011finde yolculuk eder. Sadece bir ta\u015f\u0131ma hizmeti de\u011fil, ayn\u0131 zamanda dostunuzun yabanc\u0131l\u0131k \u00e7ekmeyece\u011fi, sakin ve g\u00fcvenli bir seyahat deneyimi sunarak, sizin zaman\u0131n\u0131z\u0131 daha verimli kullanman\u0131za olanak tan\u0131yoruz.<\/p><p>G\u00fcvenlik standartlar\u0131m\u0131z\u0131 en \u00fcst seviyede tutarak, transfer s\u00fcrecinde her dostumuzun karakterine ve fiziksel ihtiyac\u0131na uygun ta\u015f\u0131ma ekipmanlar\u0131 kullan\u0131yoruz. Yolculuk boyunca uzman personelimiz taraf\u0131ndan denetlenen dostunuz, pansiyonumuza ula\u015ft\u0131\u011f\u0131nda do\u011frudan dinlenme alan\u0131na al\u0131narak adaptasyon s\u00fcrecine ba\u015flar. Kepez i\u00e7i t\u00fcm lokasyonlara sundu\u011fumuz bu butik hizmet sayesinde, ula\u015f\u0131m problemini ortadan kald\u0131r\u0131yor ve dostunuzun tatilini evinin kap\u0131s\u0131ndan ba\u015flat\u0131yoruz.<\/p><div class=\"checklist list-two-column style2 sv-details mb-30\"><ul><li>Sterilize Ara\u00e7lar: Her transfer sonras\u0131 dezenfekte edilen, hijyen garantili VIP ara\u00e7.<\/li><li>\u0130klimlendirme Kontrol\u00fc: Antalya s\u0131ca\u011f\u0131ndan etkilenmeyen, ideal \u0131s\u0131 de\u011ferine sahip i\u00e7 mekan.<\/li><li>Canl\u0131 Bilgilendirme: Teslim alma ve teslim etme anlar\u0131nda anl\u0131k SMS veya WhatsApp bilgilendirmesi.<\/li><li>Sertifikal\u0131 Personel: Hayvan davran\u0131\u015f\u0131 konusunda e\u011fitimli ve deneyimli s\u00fcr\u00fcc\u00fc\/refakat\u00e7iler.<\/li><li>Geni\u015f Ta\u015f\u0131ma Kapasitesi: Farkl\u0131 \u0131rk ve boyutlara uygun, g\u00fcvenli ve konforlu ta\u015f\u0131ma kafesleri\/boxlar.<\/li><li>Esnek Randevu: U\u00e7u\u015f saatlerinize veya i\u015f program\u0131n\u0131za tam uyumlu esnek kar\u015f\u0131lama zamanlar\u0131.<\/li><\/ul><\/div>\t\t\t\t\t\t\t\t<\/div>\n\t\t\t\t<div class=\"elementor-element elementor-element-a17b830 elementor-widget elementor-widget-text-editor\" data-id=\"a17b830\" data-element_type=\"widget\" data-e-type=\"widget\" data-widget_type=\"text-editor.default\">\n\t\t\t\t\t\t\t\t\t<div class=\"page-img-wrap mt-40\">\n<div class=\"row\">\n<div class=\"col-md-6\">\n<div class=\"page-img radius-20\"><img decoding=\"async\" src=\"https:\/\/pancopetpansiyon.com.tr\/wp-content\/uploads\/2026\/04\/viptransfer-2.jpg\" alt=\"img\" \/><\/div>\n<\/div>\n<div class=\"col-md-6\">\n<div class=\"page-img radius-20\"><img decoding=\"async\" src=\"https:\/\/pancopetpansiyon.com.tr\/wp-content\/uploads\/2026\/04\/viptransfer-1.jpg \" alt=\"img\" \/><\/div>\n<\/div>\n<\/div>\n<\/div>\t\t\t\t\t\t\t\t<\/div>\n\t\t\t\t<\/div>\n\t\t\t\t<\/div>\n\t\t\t\t\t<\/div>\n\t\t\t\t<\/div>\n\t\t\t\t<\/div>\n\t\t","protected":false},"excerpt":{"rendered":"<p>VIP Transfer Hizmeti Antalya\u2019n\u0131n yo\u011fun temposunda dostunuzun konforlu ve g\u00fcvenli bir \u015fekilde pansiyonumuza ula\u015fmas\u0131 i\u00e7in sundu\u011fumuz VIP \u015fehir i\u00e7i transfer hizmetiyle yan\u0131n\u0131zday\u0131z. Kepez b\u00f6lgesindeki adresinizden \u00f6zel donan\u0131ml\u0131, hijyenik ve iklimlendirme sistemli ara\u00e7lar\u0131m\u0131zla al\u0131nan minik dostunuz, trafik stresine maruz kalmadan, profesyonel ekibimiz e\u015fli\u011finde yolculuk eder. Sadece bir ta\u015f\u0131ma hizmeti de\u011fil, ayn\u0131 zamanda dostunuzun yabanc\u0131l\u0131k \u00e7ekmeyece\u011fi, sakin&#8230;<\/p>\n","protected":false},"author":1,"featured_media":0,"parent":0,"menu_order":0,"comment_status":"closed","ping_status":"closed","template":"template-builder.php","meta":{"om_disable_all_campaigns":false,"_monsterinsights_skip_tracking":false,"_monsterinsights_sitenote_active":false,"_monsterinsights_sitenote_note":"","_monsterinsights_sitenote_category":0,"footnotes":""},"class_list":["post-3828","page","type-page","status-publish","hentry"],"aioseo_notices":[],"_links":{"self":[{"href":"https:\/\/pancopetpansiyon.com.tr\/index.php?rest_route=\/wp\/v2\/pages\/3828","targetHints":{"allow":["GET"]}}],"collection":[{"href":"https:\/\/pancopetpansiyon.com.tr\/index.php?rest_route=\/wp\/v2\/pages"}],"about":[{"href":"https:\/\/pancopetpansiyon.com.tr\/index.php?rest_route=\/wp\/v2\/types\/page"}],"author":[{"embeddable":true,"href":"https:\/\/pancopetpansiyon.com.tr\/index.php?rest_route=\/wp\/v2\/users\/1"}],"replies":[{"embeddable":true,"href":"https:\/\/pancopetpansiyon.com.tr\/index.php?rest_route=%2Fwp%2Fv2%2Fcomments&post=3828"}],"version-history":[{"count":7,"href":"https:\/\/pancopetpansiyon.com.tr\/index.php?rest_route=\/wp\/v2\/pages\/3828\/revisions"}],"predecessor-version":[{"id":3843,"href":"https:\/\/pancopetpansiyon.com.tr\/index.php?rest_route=\/wp\/v2\/pages\/3828\/revisions\/3843"}],"wp:attachment":[{"href":"https:\/\/pancopetpansiyon.com.tr\/index.php?rest_route=%2Fwp%2Fv2%2Fmedia&parent=3828"}],"curies":[{"name":"wp","href":"https:\/\/api.w.org\/{rel}","templated":true}]}}