{"id":3818,"date":"2026-04-23T07:21:03","date_gmt":"2025-10-05T12:14:34","guid":{"rendered":"https:\/\/pancopetpansiyon.algibilisim.com\/?page_id=3818"},"modified":"2026-04-26T09:29:06","modified_gmt":"2026-04-26T09:29:06","slug":"antalya-kepez-gunluk-pet-kres","status":"publish","type":"page","link":"https:\/\/pancopetpansiyon.com.tr\/?page_id=3818","title":{"rendered":"G\u00fcnl\u00fck Kre\u015f"},"content":{"rendered":"\t\t<div data-elementor-type=\"wp-page\" data-elementor-id=\"3818\" class=\"elementor elementor-3818\">\n\t\t\t\t<div class=\"elementor-element elementor-element-bc65c35 bg-smoke2 e-flex e-con-boxed e-con e-parent\" data-id=\"bc65c35\" data-element_type=\"container\" data-e-type=\"container\" data-settings=\"{&quot;background_background&quot;:&quot;classic&quot;}\">\n\t\t\t\t\t<div class=\"e-con-inner\">\n\t\t<div class=\"elementor-element elementor-element-a98dbe2 e-con-full e-flex e-con e-child\" data-id=\"a98dbe2\" data-element_type=\"container\" data-e-type=\"container\">\n\t\t<div class=\"elementor-element elementor-element-2478828 e-con-full page-single e-flex e-con e-child\" data-id=\"2478828\" data-element_type=\"container\" data-e-type=\"container\">\n\t\t\t\t<div class=\"elementor-element elementor-element-f841930 elementor-widget elementor-widget-babetimage\" data-id=\"f841930\" data-element_type=\"widget\" data-e-type=\"widget\" data-widget_type=\"babetimage.default\">\n\t\t\t\t<div class=\"elementor-widget-container\">\n\t\t\t\t\t<!-- Image --><div class=\"custom_css_handelar page-img gsap-parallax mb-25\" data-cue=\"slideInUp\"><img decoding=\"async\" class=\"\" src=\"https:\/\/pancopetpansiyon.com.tr\/wp-content\/uploads\/2026\/04\/service-s-1-1-1.jpg\" alt=\"service s 1 1 1\" ><\/div><!-- End Image -->\t\t\t\t<\/div>\n\t\t\t\t<\/div>\n\t\t\t\t<div class=\"elementor-element elementor-element-cbb663e elementor-widget elementor-widget-text-editor\" data-id=\"cbb663e\" data-element_type=\"widget\" data-e-type=\"widget\" data-widget_type=\"text-editor.default\">\n\t\t\t\t\t\t\t\t\t<h3 class=\"mb-3\">G\u00fcnl\u00fck Kedi &amp; K\u00f6pek Kre\u015fi<\/h3><p class=\"mb-4\">Yo\u011fun temponuzda dostunuzun enerjisini do\u011fru \u015fekilde y\u00f6nlendirecek, g\u00fcvenle vakit ge\u00e7irece\u011fi bir yer mi ar\u0131yorsunuz?<br \/><br \/>Panco Pet g\u00fcnl\u00fck kre\u015f hizmeti ile patili dostunuz g\u00fcn boyu hem e\u011flenir hem de \u00f6zenle ilgilenilir.<br \/><br \/>Uzman yakla\u015f\u0131m\u0131m\u0131z sayesinde kediniz ve k\u00f6pe\u011finiz; kontroll\u00fc oyun alanlar\u0131nda sosyalle\u015fir, enerjisini sa\u011fl\u0131kl\u0131 \u015fekilde atar ve g\u00fcn sonunda mutlu, dengeli ve huzurlu \u015fekilde size geri d\u00f6ner<\/p><div class=\"checklist list-two-column style2 sv-details mb-30\"><ul><li>Geni\u015f ve temiz konaklama alanlar\u0131<\/li><li>G\u00fcnl\u00fck egzersiz ve oyun aktiviteleri<\/li><li>D\u00fczenli beslenme ve takip<\/li><li>7\/24 g\u00f6zetim ve g\u00fcvenlik<\/li><li>Sevgi dolu, profesyonel bak\u0131m<\/li><\/ul><\/div>\t\t\t\t\t\t\t\t<\/div>\n\t\t\t\t<div class=\"elementor-element elementor-element-532890f elementor-widget elementor-widget-text-editor\" data-id=\"532890f\" data-element_type=\"widget\" data-e-type=\"widget\" data-widget_type=\"text-editor.default\">\n\t\t\t\t\t\t\t\t\t<div class=\"page-img-wrap mt-40\">\n<div class=\"row\">\n<div class=\"col-md-6\">\n<div class=\"page-img radius-20\"><img decoding=\"async\" src=\"https:\/\/pancopetpansiyon.com.tr\/wp-content\/uploads\/2026\/04\/gunlukkres14.jpg\" alt=\"img\" \/><\/div>\n<\/div>\n<div class=\"col-md-6\">\n<div class=\"page-img radius-20\"><img decoding=\"async\" src=\"https:\/\/pancopetpansiyon.com.tr\/wp-content\/uploads\/2026\/04\/gunlukkres13.jpg \" alt=\"img\" \/><\/div>\n<\/div>\n<\/div>\n<\/div>\t\t\t\t\t\t\t\t<\/div>\n\t\t\t\t<\/div>\n\t\t\t\t<\/div>\n\t\t\t\t\t<\/div>\n\t\t\t\t<\/div>\n\t\t\t\t<\/div>\n\t\t","protected":false},"excerpt":{"rendered":"<p>G\u00fcnl\u00fck Kedi &amp; K\u00f6pek Kre\u015fi Yo\u011fun temponuzda dostunuzun enerjisini do\u011fru \u015fekilde y\u00f6nlendirecek, g\u00fcvenle vakit ge\u00e7irece\u011fi bir yer mi ar\u0131yorsunuz? Panco Pet g\u00fcnl\u00fck kre\u015f hizmeti ile patili dostunuz g\u00fcn boyu hem e\u011flenir hem de \u00f6zenle ilgilenilir. Uzman yakla\u015f\u0131m\u0131m\u0131z sayesinde kediniz ve k\u00f6pe\u011finiz; kontroll\u00fc oyun alanlar\u0131nda sosyalle\u015fir, enerjisini sa\u011fl\u0131kl\u0131 \u015fekilde atar ve g\u00fcn sonunda mutlu, dengeli ve&#8230;<\/p>\n","protected":false},"author":1,"featured_media":0,"parent":0,"menu_order":0,"comment_status":"closed","ping_status":"closed","template":"template-builder.php","meta":{"om_disable_all_campaigns":false,"_monsterinsights_skip_tracking":false,"_monsterinsights_sitenote_active":false,"_monsterinsights_sitenote_note":"","_monsterinsights_sitenote_category":0,"footnotes":""},"class_list":["post-3818","page","type-page","status-publish","hentry"],"aioseo_notices":[],"_links":{"self":[{"href":"https:\/\/pancopetpansiyon.com.tr\/index.php?rest_route=\/wp\/v2\/pages\/3818","targetHints":{"allow":["GET"]}}],"collection":[{"href":"https:\/\/pancopetpansiyon.com.tr\/index.php?rest_route=\/wp\/v2\/pages"}],"about":[{"href":"https:\/\/pancopetpansiyon.com.tr\/index.php?rest_route=\/wp\/v2\/types\/page"}],"author":[{"embeddable":true,"href":"https:\/\/pancopetpansiyon.com.tr\/index.php?rest_route=\/wp\/v2\/users\/1"}],"replies":[{"embeddable":true,"href":"https:\/\/pancopetpansiyon.com.tr\/index.php?rest_route=%2Fwp%2Fv2%2Fcomments&post=3818"}],"version-history":[{"count":7,"href":"https:\/\/pancopetpansiyon.com.tr\/index.php?rest_route=\/wp\/v2\/pages\/3818\/revisions"}],"predecessor-version":[{"id":3969,"href":"https:\/\/pancopetpansiyon.com.tr\/index.php?rest_route=\/wp\/v2\/pages\/3818\/revisions\/3969"}],"wp:attachment":[{"href":"https:\/\/pancopetpansiyon.com.tr\/index.php?rest_route=%2Fwp%2Fv2%2Fmedia&parent=3818"}],"curies":[{"name":"wp","href":"https:\/\/api.w.org\/{rel}","templated":true}]}}