{"id":1071,"date":"2026-04-10T03:06:27","date_gmt":"2026-04-10T03:06:27","guid":{"rendered":"https:\/\/wordpress.themehour.net\/babet\/?page_id=1071"},"modified":"2026-04-22T07:07:48","modified_gmt":"2026-04-22T07:07:48","slug":"panco-pet-pansiyon-iletisim","status":"publish","type":"page","link":"https:\/\/pancopetpansiyon.com.tr\/?page_id=1071","title":{"rendered":"\u0130leti\u015fim"},"content":{"rendered":"\t\t<div data-elementor-type=\"wp-page\" data-elementor-id=\"1071\" class=\"elementor elementor-1071\">\n\t\t\t\t<div class=\"elementor-element elementor-element-025cc2f e-flex e-con-boxed e-con e-parent\" data-id=\"025cc2f\" data-element_type=\"container\" data-e-type=\"container\" data-settings=\"{&quot;background_background&quot;:&quot;classic&quot;}\">\n\t\t\t\t\t<div class=\"e-con-inner\">\n\t\t<div class=\"elementor-element elementor-element-774f163 e-con-full e-flex e-con e-child\" data-id=\"774f163\" data-element_type=\"container\" data-e-type=\"container\">\n\t\t<div class=\"elementor-element elementor-element-33f94e9 e-con-full e-flex e-con e-child\" data-id=\"33f94e9\" data-element_type=\"container\" data-e-type=\"container\">\n\t\t\t\t<div class=\"elementor-element elementor-element-902dc01 elementor-widget elementor-widget-babet_info\" data-id=\"902dc01\" data-element_type=\"widget\" data-e-type=\"widget\" data-widget_type=\"babet_info.default\">\n\t\t\t\t<div class=\"elementor-widget-container\">\n\t\t\t\t\t\r\n        <div class=\"info-wrap style2\" data-cue=\"slideinup\">\r\n            <div class=\"top\">\r\n                                    <h4 class=\"box-title\">Bize Ula\u015f\u0131n<\/h4>\r\n                \r\n                                    <p class=\"box-text\">T\u00fcm g\u00f6r\u00fc\u015f \u00f6neri ve istekleriniz i\u00e7in bize a\u015fa\u011f\u0131da ki bilgilerden yada form arac\u0131l\u0131\u011f\u0131 ile ula\u015fabilirsiniz.<\/p>\r\n                            <\/div>\r\n\r\n                                                <div class=\"info-box\" data-cue=\"slideinup\">\r\n                        <div class=\"box-icon\">\r\n                                                            <img decoding=\"async\" src=\"https:\/\/wordpress.themehour.net\/babet\/wp-content\/uploads\/2025\/09\/con-call.svg\" alt=\"icon\">\r\n                                                    <\/div>\r\n                        <div class=\"content\">\r\n                                                            <h4 class=\"box-title\">Bizi Aray\u0131n<\/h4>\r\n                            \r\n                                                            <p class=\"box-text\">\r\n                                                                            <a href=\"tel:+905335544195\" >\r\n                                            +90 533 554 41 95                                        <\/a>\r\n                                                                    <\/p>\r\n                                                    <\/div>\r\n                    <\/div>\r\n                                    <div class=\"info-box\" data-cue=\"slideinup\">\r\n                        <div class=\"box-icon\">\r\n                                                            <img decoding=\"async\" src=\"https:\/\/wordpress.themehour.net\/babet\/wp-content\/uploads\/2025\/09\/con-email.svg\" alt=\"icon\">\r\n                                                    <\/div>\r\n                        <div class=\"content\">\r\n                                                            <h4 class=\"box-title\">Emai<\/h4>\r\n                            \r\n                                                            <p class=\"box-text\">\r\n                                                                            <a href=\"mailto:info@pancopetpansiyon.com.tr\" >\r\n                                            info@pancopetpansiyon.com.tr                                        <\/a>\r\n                                                                    <\/p>\r\n                                                    <\/div>\r\n                    <\/div>\r\n                                    <div class=\"info-box\" data-cue=\"slideinup\">\r\n                        <div class=\"box-icon\">\r\n                                                            <img decoding=\"async\" src=\"https:\/\/wordpress.themehour.net\/babet\/wp-content\/uploads\/2025\/09\/con-location.svg\" alt=\"icon\">\r\n                                                    <\/div>\r\n                        <div class=\"content\">\r\n                                                            <h4 class=\"box-title\">Adres<\/h4>\r\n                            \r\n                                                            <p class=\"box-text\">\r\n                                                                            Kiri\u015f\u00e7iler, 9828 sokak no 54, 07450 Kepez\/Antalya                                                                    <\/p>\r\n                                                    <\/div>\r\n                    <\/div>\r\n                                    <\/div>\r\n    \t\t\t\t<\/div>\n\t\t\t\t<\/div>\n\t\t\t\t<\/div>\n\t\t<div class=\"elementor-element elementor-element-2318a60 e-con-full e-flex e-con e-child\" data-id=\"2318a60\" data-element_type=\"container\" data-e-type=\"container\">\n\t\t\t\t<div class=\"elementor-element elementor-element-57f19a4 elementor-widget elementor-widget-babetcontactform\" data-id=\"57f19a4\" data-element_type=\"widget\" data-e-type=\"widget\" data-widget_type=\"babetcontactform.default\">\n\t\t\t\t<div class=\"elementor-widget-container\">\n\t\t\t\t\t<div class=\"contact-form-v1\">\n<div class=\"wpcf7 no-js\" id=\"wpcf7-f1095-o1\" lang=\"en-US\" dir=\"ltr\" data-wpcf7-id=\"1095\">\n<div class=\"screen-reader-response\"><p role=\"status\" aria-live=\"polite\" aria-atomic=\"true\"><\/p> <ul><\/ul><\/div>\n<form action=\"\/index.php?rest_route=%2Fwp%2Fv2%2Fpages%2F1071#wpcf7-f1095-o1\" method=\"post\" class=\"wpcf7-form init\" aria-label=\"Contact form\" novalidate=\"novalidate\" data-status=\"init\">\n<fieldset class=\"hidden-fields-container\"><input type=\"hidden\" name=\"_wpcf7\" value=\"1095\" \/><input type=\"hidden\" name=\"_wpcf7_version\" value=\"6.1.5\" \/><input type=\"hidden\" name=\"_wpcf7_locale\" value=\"en_US\" \/><input type=\"hidden\" name=\"_wpcf7_unit_tag\" value=\"wpcf7-f1095-o1\" \/><input type=\"hidden\" name=\"_wpcf7_container_post\" value=\"0\" \/><input type=\"hidden\" name=\"_wpcf7_posted_data_hash\" value=\"\" \/>\n<\/fieldset>\n<div class=\"contact-form\">\n  <div class=\"row\">\n    \n    <div class=\"form-group col-md-6\">\n      <span class=\"wpcf7-form-control-wrap\" data-name=\"ename\"><input size=\"40\" maxlength=\"400\" class=\"wpcf7-form-control wpcf7-text wpcf7-validates-as-required form-control\" id=\"ename\" aria-required=\"true\" aria-invalid=\"false\" placeholder=\"Ad\u0131n\u0131z*\" value=\"\" type=\"text\" name=\"ename\" \/><\/span>\n    <\/div>\n    \n    <div class=\"form-group col-md-6\">\n      <span class=\"wpcf7-form-control-wrap\" data-name=\"email\"><input size=\"40\" maxlength=\"400\" class=\"wpcf7-form-control wpcf7-email wpcf7-validates-as-required wpcf7-text wpcf7-validates-as-email form-control\" id=\"email\" aria-required=\"true\" aria-invalid=\"false\" placeholder=\"Email*\" value=\"\" type=\"email\" name=\"email\" \/><\/span>\n    <\/div>\n    \n    <div class=\"form-group col-md-6\">\n      <span class=\"wpcf7-form-control-wrap\" data-name=\"number\"><input size=\"40\" maxlength=\"400\" class=\"wpcf7-form-control wpcf7-tel wpcf7-validates-as-required wpcf7-text wpcf7-validates-as-tel form-control\" id=\"number\" aria-required=\"true\" aria-invalid=\"false\" placeholder=\"Telefon Numaran\u0131z*\" value=\"\" type=\"tel\" name=\"number\" \/><\/span>\n    <\/div>\n    \n    <div class=\"form-group col-md-6\">\n      <span class=\"wpcf7-form-control-wrap\" data-name=\"subject\"><select class=\"wpcf7-form-control wpcf7-select wpcf7-validates-as-required form-select\" id=\"subject\" aria-required=\"true\" aria-invalid=\"false\" name=\"subject\"><option value=\"G\u00fcnl\u00fck Kre\u015f\">G\u00fcnl\u00fck Kre\u015f<\/option><option value=\"Pet Pansiyon\">Pet Pansiyon<\/option><option value=\"E\u011fitim\">E\u011fitim<\/option><option value=\"Veteriner\">Veteriner<\/option><option value=\"Bak\u0131m\">Bak\u0131m<\/option><\/select><\/span>\n    <\/div>\n    \n    <div class=\"form-group col-12\">\n      <span class=\"wpcf7-form-control-wrap\" data-name=\"message\"><textarea cols=\"40\" rows=\"10\" maxlength=\"2000\" class=\"wpcf7-form-control wpcf7-textarea wpcf7-validates-as-required form-control\" id=\"message\" aria-required=\"true\" aria-invalid=\"false\" placeholder=\"Mesaj\u0131n\u0131z*\" name=\"message\"><\/textarea><\/span>\n    <\/div>\n    \n    <div class=\"form-btn col-12\">\n      <button class=\"th-btn th_btn style5\">G\u00f6nder<\/button>\n    <\/div>\n    \n  <\/div>\n  <p class=\"form-messages mb-0 mt-3\"><\/p>\n<\/div><div class=\"wpcf7-response-output\" aria-hidden=\"true\"><\/div>\n<\/form>\n<\/div>\n<\/div>\t\t\t\t<\/div>\n\t\t\t\t<\/div>\n\t\t\t\t<\/div>\n\t\t\t\t<\/div>\n\t\t\t\t\t<\/div>\n\t\t\t\t<\/div>\n\t\t<div class=\"elementor-element elementor-element-6f01eba e-flex e-con-boxed e-con e-parent\" data-id=\"6f01eba\" data-element_type=\"container\" data-e-type=\"container\" data-settings=\"{&quot;background_background&quot;:&quot;classic&quot;}\">\n\t\t\t\t\t<div class=\"e-con-inner\">\n\t\t\t\t<div class=\"elementor-element elementor-element-84646f5 elementor-widget elementor-widget-babetshapeimage\" data-id=\"84646f5\" data-element_type=\"widget\" data-e-type=\"widget\" data-widget_type=\"babetshapeimage.default\">\n\t\t\t\t<div class=\"elementor-widget-container\">\n\t\t\t\t\t<div class=\"shape-mockup  d-xxl-block d-none\" data-bottom=\"0.1%\" data-left=\"5%\"><img decoding=\"async\" class=\"\" src=\"https:\/\/wordpress.themehour.net\/babet\/wp-content\/uploads\/2025\/09\/shape1-61.png\" alt=\"\" \/><\/div>\t\t\t\t<\/div>\n\t\t\t\t<\/div>\n\t\t<div class=\"elementor-element elementor-element-99496e8 e-con-full e-flex e-con e-child\" data-id=\"99496e8\" data-element_type=\"container\" data-e-type=\"container\">\n\t\t\t\t<div class=\"elementor-element elementor-element-a9b2731 elementor-widget elementor-widget-google_maps\" data-id=\"a9b2731\" data-element_type=\"widget\" data-e-type=\"widget\" data-widget_type=\"google_maps.default\">\n\t\t\t\t\t\t\t<div class=\"elementor-custom-embed\">\n\t\t\t<iframe loading=\"lazy\"\n\t\t\t\t\tsrc=\"https:\/\/maps.google.com\/maps?q=Pan%C3%A7o%20Pet%20Pansiyon%20%2CKiri%C5%9F%C3%A7iler%2C%209828%20sokak%20no%2054%2C%2007450%20Kepez%2FAntalya&#038;t=m&#038;z=13&#038;output=embed&#038;iwloc=near\"\n\t\t\t\t\ttitle=\"Pan\u00e7o Pet Pansiyon ,Kiri\u015f\u00e7iler, 9828 sokak no 54, 07450 Kepez\/Antalya\"\n\t\t\t\t\taria-label=\"Pan\u00e7o Pet Pansiyon ,Kiri\u015f\u00e7iler, 9828 sokak no 54, 07450 Kepez\/Antalya\"\n\t\t\t><\/iframe>\n\t\t<\/div>\n\t\t\t\t\t\t<\/div>\n\t\t\t\t<\/div>\n\t\t\t\t\t<\/div>\n\t\t\t\t<\/div>\n\t\t\t\t<\/div>\n\t\t","protected":false},"excerpt":{"rendered":"<p>Bize Ula\u015f\u0131n T\u00fcm g\u00f6r\u00fc\u015f \u00f6neri ve istekleriniz i\u00e7in bize a\u015fa\u011f\u0131da ki bilgilerden yada form arac\u0131l\u0131\u011f\u0131 ile ula\u015fabilirsiniz. Bizi Aray\u0131n +90 533 554 41 95 Emai info@pancopetpansiyon.com.tr Adres Kiri\u015f\u00e7iler, 9828 sokak no 54, 07450 Kepez\/Antalya G\u00fcnl\u00fck Kre\u015fPet PansiyonE\u011fitimVeterinerBak\u0131m G\u00f6nder<\/p>\n","protected":false},"author":1,"featured_media":0,"parent":0,"menu_order":0,"comment_status":"closed","ping_status":"closed","template":"template-builder.php","meta":{"om_disable_all_campaigns":false,"_monsterinsights_skip_tracking":false,"_monsterinsights_sitenote_active":false,"_monsterinsights_sitenote_note":"","_monsterinsights_sitenote_category":0,"footnotes":""},"class_list":["post-1071","page","type-page","status-publish","hentry"],"aioseo_notices":[],"_links":{"self":[{"href":"https:\/\/pancopetpansiyon.com.tr\/index.php?rest_route=\/wp\/v2\/pages\/1071","targetHints":{"allow":["GET"]}}],"collection":[{"href":"https:\/\/pancopetpansiyon.com.tr\/index.php?rest_route=\/wp\/v2\/pages"}],"about":[{"href":"https:\/\/pancopetpansiyon.com.tr\/index.php?rest_route=\/wp\/v2\/types\/page"}],"author":[{"embeddable":true,"href":"https:\/\/pancopetpansiyon.com.tr\/index.php?rest_route=\/wp\/v2\/users\/1"}],"replies":[{"embeddable":true,"href":"https:\/\/pancopetpansiyon.com.tr\/index.php?rest_route=%2Fwp%2Fv2%2Fcomments&post=1071"}],"version-history":[{"count":5,"href":"https:\/\/pancopetpansiyon.com.tr\/index.php?rest_route=\/wp\/v2\/pages\/1071\/revisions"}],"predecessor-version":[{"id":3750,"href":"https:\/\/pancopetpansiyon.com.tr\/index.php?rest_route=\/wp\/v2\/pages\/1071\/revisions\/3750"}],"wp:attachment":[{"href":"https:\/\/pancopetpansiyon.com.tr\/index.php?rest_route=%2Fwp%2Fv2%2Fmedia&parent=1071"}],"curies":[{"name":"wp","href":"https:\/\/api.w.org\/{rel}","templated":true}]}}