{"id":1055,"date":"2026-04-10T07:10:21","date_gmt":"2026-04-10T07:10:21","guid":{"rendered":"https:\/\/wordpress.themehour.net\/babet\/?page_id=1055"},"modified":"2026-04-23T12:51:30","modified_gmt":"2026-04-23T12:51:30","slug":"panco-pet-pansiyon-hakkimizda","status":"publish","type":"page","link":"https:\/\/pancopetpansiyon.com.tr\/?page_id=1055","title":{"rendered":"Hakk\u0131m\u0131zda"},"content":{"rendered":"\t\t<div data-elementor-type=\"wp-page\" data-elementor-id=\"1055\" class=\"elementor elementor-1055\">\n\t\t\t\t<div class=\"elementor-element elementor-element-b6f5fd8 e-con-full e-flex e-con e-parent\" data-id=\"b6f5fd8\" data-element_type=\"container\" data-e-type=\"container\" data-settings=\"{&quot;background_background&quot;:&quot;classic&quot;}\">\n\t\t\t\t<div class=\"elementor-element elementor-element-9df75b1 elementor-widget elementor-widget-babetshapeimage\" data-id=\"9df75b1\" data-element_type=\"widget\" data-e-type=\"widget\" data-widget_type=\"babetshapeimage.default\">\n\t\t\t\t<div class=\"elementor-widget-container\">\n\t\t\t\t\t<div class=\"shape-mockup about-bg-shape1-1 moving\" data-bottom=\"0.1%\" data-left=\"0.1%\"><img decoding=\"async\" class=\"\" src=\"http:\/\/wordpress.themehour.net\/babet\/wp-content\/uploads\/2025\/09\/shape1-1.png\" alt=\"\" \/><\/div>\t\t\t\t<\/div>\n\t\t\t\t<\/div>\n\t\t\t\t<div class=\"elementor-element elementor-element-0467129 elementor-widget elementor-widget-babetshapeimage\" data-id=\"0467129\" data-element_type=\"widget\" data-e-type=\"widget\" data-widget_type=\"babetshapeimage.default\">\n\t\t\t\t<div class=\"elementor-widget-container\">\n\t\t\t\t\t<div class=\"shape-mockup about-bg-shape1-3 spin d-xxl-block d-none\" data-top=\"25%\" data-left=\"6%\"><img decoding=\"async\" class=\"\" src=\"http:\/\/wordpress.themehour.net\/babet\/wp-content\/uploads\/2025\/09\/shape1-3.png\" alt=\"\" \/><\/div>\t\t\t\t<\/div>\n\t\t\t\t<\/div>\n\t\t\t\t<div class=\"elementor-element elementor-element-cff6743 elementor-widget elementor-widget-babetshapeimage\" data-id=\"cff6743\" data-element_type=\"widget\" data-e-type=\"widget\" data-widget_type=\"babetshapeimage.default\">\n\t\t\t\t<div class=\"elementor-widget-container\">\n\t\t\t\t\t<div class=\"shape-mockup about-bg-shape1-4 shake d-xxl-block d-none\" data-top=\"35%\" data-right=\"5%\"><img decoding=\"async\" class=\"\" src=\"http:\/\/wordpress.themehour.net\/babet\/wp-content\/uploads\/2025\/09\/shape1-4.png\" alt=\"\" \/><\/div>\t\t\t\t<\/div>\n\t\t\t\t<\/div>\n\t\t\t\t<div class=\"elementor-element elementor-element-244039d elementor-widget elementor-widget-babetshapeimage\" data-id=\"244039d\" data-element_type=\"widget\" data-e-type=\"widget\" data-widget_type=\"babetshapeimage.default\">\n\t\t\t\t<div class=\"elementor-widget-container\">\n\t\t\t\t\t<div class=\"shape-mockup about-bg-shape1-5 shake d-xxl-block d-none\" data-top=\"50%\" data-right=\"7%\"><img decoding=\"async\" class=\"\" src=\"http:\/\/wordpress.themehour.net\/babet\/wp-content\/uploads\/2025\/09\/shape1-5.png\" alt=\"\" \/><\/div>\t\t\t\t<\/div>\n\t\t\t\t<\/div>\n\t\t\t\t<div class=\"elementor-element elementor-element-caba024 elementor-widget elementor-widget-babetshapeimage\" data-id=\"caba024\" data-element_type=\"widget\" data-e-type=\"widget\" data-widget_type=\"babetshapeimage.default\">\n\t\t\t\t<div class=\"elementor-widget-container\">\n\t\t\t\t\t<div class=\"shape-mockup about-bg-shape1-6 heartbeat d-xxl-block d-none\" data-bottom=\"25%\" data-right=\"6%\"><img decoding=\"async\" class=\"\" src=\"http:\/\/wordpress.themehour.net\/babet\/wp-content\/uploads\/2025\/09\/shape1-6.png\" alt=\"\" \/><\/div>\t\t\t\t<\/div>\n\t\t\t\t<\/div>\n\t\t<div class=\"elementor-element elementor-element-9caef8e e-flex e-con-boxed e-con e-child\" data-id=\"9caef8e\" data-element_type=\"container\" data-e-type=\"container\">\n\t\t\t\t\t<div class=\"e-con-inner\">\n\t\t<div class=\"elementor-element elementor-element-41f9622 e-con-full e-flex e-con e-child\" data-id=\"41f9622\" data-element_type=\"container\" data-e-type=\"container\">\n\t\t<div class=\"elementor-element elementor-element-cc6c472 e-con-full e-flex e-con e-child\" data-id=\"cc6c472\" data-element_type=\"container\" data-e-type=\"container\">\n\t\t<div class=\"elementor-element elementor-element-e2c3542 e-con-full page-single e-flex e-con e-child\" data-id=\"e2c3542\" data-element_type=\"container\" data-e-type=\"container\">\n\t\t\t\t<div class=\"elementor-element elementor-element-f621476 elementor-widget elementor-widget-text-editor\" data-id=\"f621476\" data-element_type=\"widget\" data-e-type=\"widget\" data-widget_type=\"text-editor.default\">\n\t\t\t\t\t\t\t\t\t<h3 class=\"mb-3\">Panco Pet Kedi Konaklama Hizmeti<\/h3><p class=\"mb-4\">Panco Pet Pansiyon, patili dostlar\u0131n\u0131z i\u00e7in g\u00fcvenli, hijyenik ve sevgi dolu bir ya\u015fam alan\u0131 sunmak amac\u0131yla kurulmu\u015ftur. Bizim i\u00e7in bu i\u015f yaln\u0131zca bir konaklama hizmeti de\u011fil; g\u00fcven, sorumluluk ve profesyonellik gerektiren bir emanettir. \u00c7\u00fcnk\u00fc emanet edilen her can, bir ailenin en k\u0131ymetli par\u00e7as\u0131d\u0131r.<br \/><br \/>Modern ve kontroll\u00fc ya\u015fam alanlar\u0131m\u0131zda, k\u00f6pek ve kedilerin ihtiya\u00e7lar\u0131na uygun konforlu konaklama imk\u00e2n\u0131 sa\u011fl\u0131yoruz. Her misafirimizin karakterine, al\u0131\u015fkanl\u0131klar\u0131na ve \u00f6zel ihtiya\u00e7lar\u0131na g\u00f6re bireysel bak\u0131m plan\u0131 olu\u015fturuyoruz. Beslenme d\u00fczeninden oyun saatlerine, dinlenme alanlar\u0131ndan sa\u011fl\u0131k takibine kadar t\u00fcm s\u00fcre\u00e7 titizlikle y\u00fcr\u00fct\u00fcl\u00fcr.<br \/><br \/><strong>G\u00fcnl\u00fck Kre\u015f Hizmeti<\/strong><br \/>Yo\u011fun i\u015f temposu veya g\u00fcnl\u00fck programlar nedeniyle dostunuzun evde yaln\u0131z kalmas\u0131n\u0131 istemiyorsan\u0131z, g\u00fcn\u00fc birlik kre\u015f hizmetimiz devreye girer. G\u00fcvenli ve kontroll\u00fc sosyal alanlar\u0131m\u0131zda, g\u00fcn boyu oyun, sosyalle\u015fme ve enerji bo\u015faltma imk\u00e2n\u0131 sunuyoruz.Bu hizmet sayesinde:<\/p><div class=\"checklist list-two-column style2 sv-details mb-30\"><ul><li>Sosyal geli\u015fim desteklenir<\/li><li>Stres ve yaln\u0131zl\u0131k kaynakl\u0131 davran\u0131\u015f problemleri azal\u0131r<\/li><li>G\u00fcn sonunda mutlu ve dengeli bir ruh hali olu\u015fur<\/li><\/ul><\/div><p class=\"mb-4\">Kre\u015f hizmetimiz, disiplinli kontrol sistemi ve deneyimli ekip g\u00f6zetiminde y\u00fcr\u00fct\u00fclmektedir.<br \/><br \/><strong>Profesyonel Yakla\u015f\u0131m<\/strong><br \/><br \/>Alan\u0131nda deneyimli ekibimiz, 7\/24 g\u00f6zetim prensibiyle \u00e7al\u0131\u015f\u0131r. Hijyen standartlar\u0131m\u0131z ve g\u00fcvenlik \u00f6nlemlerimiz \u00fcst seviyede tutulur. Sahipler g\u00f6n\u00fcl rahatl\u0131\u011f\u0131 ya\u015farken, patili dostlar\u0131m\u0131z huzurlu ve keyifli bir s\u00fcre\u00e7 ge\u00e7irir.<br \/><br \/><strong>Biz Panco Pet Pansiyon olarak \u015funa inan\u0131yoruz:<\/strong><br \/><br \/>Konaklama ya da kre\u015f fark etmeksizin, her hizmetin temelinde ilgi, g\u00fcven ve \u015fefkat olmal\u0131d\u0131r.<br \/><br \/>Amac\u0131m\u0131z; her misafirimizi kendini evinde hissedece\u011fi bir ortamda a\u011f\u0131rlamak ve sahiplerine s\u00fcrd\u00fcr\u00fclebilir, \u015feffaf ve g\u00fcven veren bir hizmet sunmakt\u0131r.<br \/><br \/><em>Burada sadece misafir de\u011fil, aile a\u011f\u0131rl\u0131yoruz.<\/em><\/p>\t\t\t\t\t\t\t\t<\/div>\n\t\t\t\t<div class=\"elementor-element elementor-element-a2d7a17 elementor-widget elementor-widget-text-editor\" data-id=\"a2d7a17\" data-element_type=\"widget\" data-e-type=\"widget\" data-widget_type=\"text-editor.default\">\n\t\t\t\t\t\t\t\t\t<div class=\"page-img-wrap mt-40\">\n<div class=\"row\">\n<div class=\"col-md-6\">\n<div class=\"page-img radius-20\"><img decoding=\"async\" src=\"https:\/\/pancopetpansiyon.com.tr\/wp-content\/uploads\/2026\/04\/20260215_113341-3.jpg\" alt=\"img\" \/><\/div>\n<\/div>\n<div class=\"col-md-6\">\n<div class=\"page-img radius-20\"><img decoding=\"async\" src=\"https:\/\/pancopetpansiyon.com.tr\/wp-content\/uploads\/2026\/04\/20260215_113341-2.jpg\" alt=\"img\" \/><\/div>\n<\/div>\n<\/div>\n<\/div>\t\t\t\t\t\t\t\t<\/div>\n\t\t\t\t<\/div>\n\t\t\t\t<\/div>\n\t\t<div class=\"elementor-element elementor-element-8faf332 e-con-full e-flex e-con e-child\" data-id=\"8faf332\" data-element_type=\"container\" data-e-type=\"container\">\n\t\t\t\t<\/div>\n\t\t\t\t<\/div>\n\t\t\t\t\t<\/div>\n\t\t\t\t<\/div>\n\t\t\t\t<\/div>\n\t\t\t\t<\/div>\n\t\t","protected":false},"excerpt":{"rendered":"<p>Panco Pet Kedi Konaklama Hizmeti Panco Pet Pansiyon, patili dostlar\u0131n\u0131z i\u00e7in g\u00fcvenli, hijyenik ve sevgi dolu bir ya\u015fam alan\u0131 sunmak amac\u0131yla kurulmu\u015ftur. Bizim i\u00e7in bu i\u015f yaln\u0131zca bir konaklama hizmeti de\u011fil; g\u00fcven, sorumluluk ve profesyonellik gerektiren bir emanettir. \u00c7\u00fcnk\u00fc emanet edilen her can, bir ailenin en k\u0131ymetli par\u00e7as\u0131d\u0131r. Modern ve kontroll\u00fc ya\u015fam alanlar\u0131m\u0131zda, k\u00f6pek ve&#8230;<\/p>\n","protected":false},"author":1,"featured_media":0,"parent":0,"menu_order":0,"comment_status":"closed","ping_status":"closed","template":"template-builder.php","meta":{"om_disable_all_campaigns":false,"_monsterinsights_skip_tracking":false,"_monsterinsights_sitenote_active":false,"_monsterinsights_sitenote_note":"","_monsterinsights_sitenote_category":0,"footnotes":""},"class_list":["post-1055","page","type-page","status-publish","hentry"],"aioseo_notices":[],"_links":{"self":[{"href":"https:\/\/pancopetpansiyon.com.tr\/index.php?rest_route=\/wp\/v2\/pages\/1055","targetHints":{"allow":["GET"]}}],"collection":[{"href":"https:\/\/pancopetpansiyon.com.tr\/index.php?rest_route=\/wp\/v2\/pages"}],"about":[{"href":"https:\/\/pancopetpansiyon.com.tr\/index.php?rest_route=\/wp\/v2\/types\/page"}],"author":[{"embeddable":true,"href":"https:\/\/pancopetpansiyon.com.tr\/index.php?rest_route=\/wp\/v2\/users\/1"}],"replies":[{"embeddable":true,"href":"https:\/\/pancopetpansiyon.com.tr\/index.php?rest_route=%2Fwp%2Fv2%2Fcomments&post=1055"}],"version-history":[{"count":8,"href":"https:\/\/pancopetpansiyon.com.tr\/index.php?rest_route=\/wp\/v2\/pages\/1055\/revisions"}],"predecessor-version":[{"id":3860,"href":"https:\/\/pancopetpansiyon.com.tr\/index.php?rest_route=\/wp\/v2\/pages\/1055\/revisions\/3860"}],"wp:attachment":[{"href":"https:\/\/pancopetpansiyon.com.tr\/index.php?rest_route=%2Fwp%2Fv2%2Fmedia&parent=1055"}],"curies":[{"name":"wp","href":"https:\/\/api.w.org\/{rel}","templated":true}]}}